{"id":110,"date":"2022-05-14T13:06:19","date_gmt":"2022-05-14T11:06:19","guid":{"rendered":"https:\/\/wp.dopravnihristeprosek.cz\/?page_id=110"},"modified":"2024-09-28T20:51:07","modified_gmt":"2024-09-28T18:51:07","slug":"kontakt","status":"publish","type":"page","link":"https:\/\/www.dopravnihristeprosek.cz\/?page_id=110","title":{"rendered":"Kontakt"},"content":{"rendered":"\t\t<div data-elementor-type=\"wp-page\" data-elementor-id=\"110\" class=\"elementor elementor-110\">\n\t\t\t\t\t\t<section class=\"elementor-section elementor-top-section elementor-element elementor-element-e26d235 elementor-section-boxed elementor-section-height-default elementor-section-height-default\" data-id=\"e26d235\" data-element_type=\"section\" data-e-type=\"section\">\n\t\t\t\t\t\t<div class=\"elementor-container elementor-column-gap-default\">\n\t\t\t\t\t<div class=\"elementor-column elementor-col-50 elementor-top-column elementor-element elementor-element-4adad98\" data-id=\"4adad98\" data-element_type=\"column\" data-e-type=\"column\">\n\t\t\t<div class=\"elementor-widget-wrap elementor-element-populated\">\n\t\t\t\t\t\t<div class=\"elementor-element elementor-element-5087cc8 elementor-widget elementor-widget-text-editor\" data-id=\"5087cc8\" data-element_type=\"widget\" data-e-type=\"widget\" data-widget_type=\"text-editor.default\">\n\t\t\t\t<div class=\"elementor-widget-container\">\n\t\t\t\t\t\t\t\t\t<p><b>Adresa<br><\/b>Litv\u00ednovsk\u00e1 821\/5a, Praha 9 &#8211; Prosek<br>e-mail: <a href=\"mailto:ddhprosek.p9@gmail.com\">ddhprosek.p9@gmail.com<\/a><\/p>\n<p><b>Z\u0159izovatel<br><\/b>M\u010c Praha 9 &#8211; odbor \u0161kolstv\u00ed a evropsk\u00fdch fond\u016f<\/p>\n<p><b>H\u0159i\u0161t\u011b<br><\/b>Kontaktn\u00ed osoba pro pl\u00e1nov\u00e1n\u00ed akc\u00ed pro ve\u0159ejnost i \u0161koly spr\u00e1vce Karel Zelenka.<br>Tel: (+420) 739 311 721&nbsp;<\/p>\n<div>Volejte pros\u00edm b\u011bhem otev\u00edrac\u00ed doby pokud pot\u0159ebn\u00e9 informace nenajdete na str\u00e1nk\u00e1ch.<br><br><\/div>\t\t\t\t\t\t\t\t<\/div>\n\t\t\t\t<\/div>\n\t\t\t\t\t<\/div>\n\t\t<\/div>\n\t\t\t\t<div class=\"elementor-column elementor-col-50 elementor-top-column elementor-element elementor-element-3ddf4e4\" data-id=\"3ddf4e4\" data-element_type=\"column\" data-e-type=\"column\">\n\t\t\t<div class=\"elementor-widget-wrap elementor-element-populated\">\n\t\t\t\t\t\t<div class=\"elementor-element elementor-element-067cddd elementor-widget elementor-widget-google_maps\" data-id=\"067cddd\" data-element_type=\"widget\" data-e-type=\"widget\" data-widget_type=\"google_maps.default\">\n\t\t\t\t<div class=\"elementor-widget-container\">\n\t\t\t\t\t\t\t<div class=\"elementor-custom-embed\">\n\t\t\t<iframe loading=\"lazy\"\n\t\t\t\t\tsrc=\"https:\/\/maps.google.com\/maps?q=DDH%20Prosek&#038;t=m&#038;z=17&#038;output=embed&#038;iwloc=near\"\n\t\t\t\t\ttitle=\"DDH Prosek\"\n\t\t\t\t\taria-label=\"DDH Prosek\"\n\t\t\t><\/iframe>\n\t\t<\/div>\n\t\t\t\t\t\t<\/div>\n\t\t\t\t<\/div>\n\t\t\t\t\t<\/div>\n\t\t<\/div>\n\t\t\t\t\t<\/div>\n\t\t<\/section>\n\t\t\t\t<\/div>\n\t\t","protected":false},"excerpt":{"rendered":"<p>AdresaLitv\u00ednovsk\u00e1 821\/5a, Praha 9 &#8211; Proseke-mail: ddhprosek.p9@gmail.com Z\u0159izovatelM\u010c Praha 9 &#8211; odbor \u0161kolstv\u00ed a evropsk\u00fdch fond\u016f H\u0159i\u0161t\u011bKontaktn\u00ed osoba pro pl\u00e1nov\u00e1n\u00ed akc\u00ed pro ve\u0159ejnost i \u0161koly spr\u00e1vce Karel Zelenka.Tel: (+420) 739 311 721&nbsp; Volejte pros\u00edm b\u011bhem otev\u00edrac\u00ed doby pokud pot\u0159ebn\u00e9 informace nenajdete na str\u00e1nk\u00e1ch.<\/p>\n","protected":false},"author":1,"featured_media":0,"parent":0,"menu_order":0,"comment_status":"closed","ping_status":"closed","template":"","meta":{"footnotes":""},"class_list":["post-110","page","type-page","status-publish"],"_links":{"self":[{"href":"https:\/\/www.dopravnihristeprosek.cz\/index.php?rest_route=\/wp\/v2\/pages\/110","targetHints":{"allow":["GET"]}}],"collection":[{"href":"https:\/\/www.dopravnihristeprosek.cz\/index.php?rest_route=\/wp\/v2\/pages"}],"about":[{"href":"https:\/\/www.dopravnihristeprosek.cz\/index.php?rest_route=\/wp\/v2\/types\/page"}],"author":[{"embeddable":true,"href":"https:\/\/www.dopravnihristeprosek.cz\/index.php?rest_route=\/wp\/v2\/users\/1"}],"replies":[{"embeddable":true,"href":"https:\/\/www.dopravnihristeprosek.cz\/index.php?rest_route=%2Fwp%2Fv2%2Fcomments&post=110"}],"version-history":[{"count":16,"href":"https:\/\/www.dopravnihristeprosek.cz\/index.php?rest_route=\/wp\/v2\/pages\/110\/revisions"}],"predecessor-version":[{"id":1019,"href":"https:\/\/www.dopravnihristeprosek.cz\/index.php?rest_route=\/wp\/v2\/pages\/110\/revisions\/1019"}],"wp:attachment":[{"href":"https:\/\/www.dopravnihristeprosek.cz\/index.php?rest_route=%2Fwp%2Fv2%2Fmedia&parent=110"}],"curies":[{"name":"wp","href":"https:\/\/api.w.org\/{rel}","templated":true}]}}